
Calculate 5 + (1 + -5 + 4 - -3).
8
What is the value of -8 + (-11 - -15 - (2 - 14)) - -1?
9
-23 + 11 - -7 - -25
20
Evaluate (-13 - 9 - 15) + 20.
-17
Calculate -44 - (-17 + -44 + 31).
-14
Calculate -6 - (-12 + -3 + -43 + 40).
12
What is the value of -10 - (-8 + (-3 + 0 - 0))?
1
(1 - -1) + -21 + (-18 - -19)
-18
What is the value of (-7 - 2) + -5 + 2 + 6 + 17?
11
Evaluate 6 + 33 + -11 + -6 + 6 + -18.
10
Calculate (-16 - -35) + -11 + 7 - -12.
27
What is the value of (13 - 18) + (-5 - -7) - (1 + 7)?
-11
Evaluate 1 + 5 + (15 + -3 - 23).
-5
What is the value of (-3 - 0) + (-3 - (3 - -2))?
-11
What is the value of -11 + -13 + 8 - -5?
-11
50 + -36 - (26 + 8)
-20
Evaluate 11 + (-2 + 1 - (3 + 1)).
6
What is the value of (-2 - (-1 + -4)) + (1 - (-17 - -8))?
13
Calculate -7 - (8 + -2 + -4) - -2.
-7
0 - 8 - (9 + -30 - (-6 + -10))
-3
What is (-132 - -111) + 5 + -2?
-18
(0 - (6 - 2)) + (-1560 - -1563)
-1
Evaluate (-2 + 10 + -3 - (36 - 36)) + 2.
7
What is the value of -482 - -481 - (-10 + 1 - (-2 + 3))?
9
Evaluate 7 + (24 - 15) + 0 + 0.
16
What is the value of (3 - -16 - (-60 + 80)) + 6?
5
Calculate 595 - 591 - (-1 + 17).
-12
What is (-16 + 3 - -2 - -5) + 23?
17
Calculate (-8 - (11 - (-6 - -22))) + 14 + 0.
11
What is the value of 28 + -35 + (-4 - -8 - -3) - -20?
20
What is -13 - ((12 - 25) + 11)?
-11
Evaluate (8 - 5 - 5) + -11 + 16.
3
Evaluate -19 + 15 - (-1 + 1 - (-103 + 111)).
4
5 - ((-21 - -10) + 50) - -5 - -5
-24
Calculate -25 + 0 + -559 + 558.
-26
What is the value of 7 + (-11 - -3 - -8)?
7
What is the value of -3 + (5 - 6) + 125 + -127?
-6
-6 - -1 - (-23 + 24 + -12 + -7)
13
(11 - 7 - -1) + (-9 - -1)
-3
Evaluate (21 - -17 - -3 - -1) + -15.
27
Calculate -14 + (2 - (-5 - 12)).
5
Evaluate 35 + -30 + (-2 - 16) + -2 + 3.
-12
12 - ((-11 + 5 - -14) + 22)
-18
Evaluate -38 + 71 - (3 + 22).
8
Calculate (2 - (7 + (-20 - -5))) + -4 - -11.
17
Calculate 11 + -3 + -16 + -3.
-11
What is the value of 13 - 8 - (26 + -6)?
-15
Calculate (6 - (25 + -27 + 9)) + (-1 - -2).
0
Calculate 5 + (8 - (-1 - -11)).
3
16 - (-10 + 18 - (4 + -1 + -2))
9
-20 + (10 + -11 - -2) + 0
-19
What is (-1 - 0) + -121 + 121 - -26?
25
Evaluate 2 - (-1 + 13 + (18 + -4 - 20)).
-4
What is -2 + (-7 + 14 - 10) + -6?
-11
What is 121 + -118 - (-7 + -1)?
11
What is 7 + 2 + 12 + -2 - 12?
7
What is the value of 7 - (37 - 20 - 3)?
-7
What is the value of (23 - 1) + (20 + -20 + 15 - 22)?
15
Calculate (-12 - (-28 + 1) - -17) + -10.
22
-5 + -19 + 12 + -4
-16
What is the value of -45 + (26 - (8 + -12))?
-15
What is the value of (3 - -9 - 6) + (3 - -2)?
11
What is -5 + (-4 - (6 + 0 - 11 - 14))?
10
What is -19 - (-5 + 3 + -18)?
1
What is -18 - (3 - 4) - (-9 - (3 + -11))?
-16
Calculate 17 + -22 + (-6 - -4) + 13.
6
What is the value of -11 - 2 - 2 - -26?
11
What is 143 + -144 - (8 - -1 - 1)?
-9
What is the value of -6 - (-2 - 1) - (90 - 95) - 7?
-5
What is -9 + 13 + 5 - -2?
11
What is -2 - 4 - (0 + -1 - 9) - -5?
9
-8 + (2 - 1 - (27 - (31 - 5)))
-8
Calculate 11 - 27 - (7 - -6).
-29
What is the value of (3 - (1 + -11)) + -5 - (-46 + 63)?
-9
18 + (-26 - (-8 + -7)) + (-8 - 1)
-2
Evaluate -23 + (0 + -2 - (3 + -5 - 2)).
-21
Evaluate -7 - (-19 + -3 + (32 - 25)).
8
Evaluate 2 + 24 - (-1 + 15).
12
Calculate 175 + -182 - (9 + 0).
-16
What is the value of 20 + -17 + (0 - (10 + -2))?
-5
Evaluate (-1 - (1 - -23)) + (-150 - -155) + 6.
-14
Evaluate -26 + (5 - -1) - (3 - 8 - -3).
-18
Evaluate -3 - ((1 - 2) + 1) - (-537 - -540).
-6
-14 + 12 - (1 - 2 - 1)
0
Calculate 0 + -10 - (254 + -260).
-4
Calculate -7 + (5 - (5 + -3 + -4)) - 20.
-20
What is (7 - -1) + (1 - 2) + (-4950 - -4942)?
-1
153 + -150 + (0 - 0 - 0 - -10)
13
What is the value of 12 - (16 + (5 - 12))?
3
What is -9 + 0 - (72 + -25 + -47)?
-9
What is 7 - ((-1 - (-3 - -2)) + 12 + 7)?
-12
Evaluate (-55 - 4) + 153 + -115.
-21
What is 30 + (-33 - -18) + -28?
-13
(17 - (-45 + 46 - (-4 + 0))) + -1
11
What is the value of -7 + 7 + 10 + 3 - 8?
5
What is 27 + -33 + -23 - -24?
-5
Evaluate 113 + -98 + 0 + -30.
-15
Calculate -6 + 9 - (6 - -2 - 27 - -9).
13
What is the value of (-14 + -5 - -63) + -21?
23
What is (0 - -4) + -9 - (14 - 20)?
1
Calculate (-1 + -13 - (366 - 368)) + 40.
28
Calculate (26 + 1 - (169 - 158)) + 5.
21
Calculate 37 - (3 - (-11 - -12 - 8)).
27
Evaluate -36 + 32 - (3 - 5 - 0) - -3.
1
What is -12 - (0 - 18) - (7 - -3)?
-4
What is the value of 5 + (4 + 1 + 1 - 4)?
7
Calculate -39 + 3 + (40 - 25).
-21
(5 - 12 - -10) + -1 - -2
4
Calculate 6 + (0 - 9) + -5 - 0.
-8
(5 + 4 - 20) + 13
2
What is the value of -18 - (-1 + (9 + 2 - 5) + -6)?
-17
What is the value of (-14 - -8) + 0 + (9 - (5 + -4))?
2
Evaluate -9 + -7 + (2 - 3) + 0.
-17
Calculate 228 + -253 - (-26 - -1).
0
Calculate (22 - 9 - 20) + (-9 - -19).
3
What is -39 - (-4 + -34) - (1 - -2)?
-4
16 - (8 - (7 + -5))
10
Evaluate 5 - (-44 + 49 + 36).
-36
Evaluate (2 - (2 - 5)) + -1 + -2 + 10.
12
Calculate (-1 + 4 - (1 - -2)) + 20 + -34.
-14
What is the value of 0 - (-15 + -7 + 41)?
-19
What is 3 + 14 + 101 + -107 + -10?
1
Evaluate 40 + (19 - 34) - 28.
-3
What is the value of (1717 - 1702) + -1 + -3 + 2?
13
What is (0 - (1 - 31)) + (-49 - (32 + -75))?
24
What is -24 - 0 - (-16 - (20 + -11 - 25))?
-24
What is the value of -11 - -5 - (-6 + 10) - 13?
-23
What is the value of 4 + -2 - (-13 - -17) - 6?
-8
What is 6 - 27 - (3 - (16 + -3))?
-11
What is the value of (2 - -12) + (2 - 0) - (-389 + 390)?
15
Calculate -4 + -16 + (11 + -8 - (-3 + -1)).
-13
Calculate (8 - 1) + (-17 - -11 - 22) + 2.
-19
What is the value of 4 + -2 + 90 + -85?
7
Evaluate 3 + 3 - (186 + -157).
-23
Calculate -4 + (8 - 7 - -29).
26
(-8 - -4) + 7 - (5 - -13)
-15
Calculate -21 + -28 + (13 - -2).
-34
(16 - 2 - 15) + 13 + 17
29
Calculate (-509 + 462 - (-2 + -6)) + 8 + -1.
-32
What is (-41 - -44) + -1 + -5 + (-1 - 0)?
-4
What is -65 - -65 - (4 - 7)?
3
What is (1 - -12 - (-32 + 36)) + -6 + 13?
16
Calculate 9 - (-3 + (-9 - (-34 + 6)) - 0).
-7
Calculate 21 - (-48 + 60) - (2 + -6).
13
54 + -54 - (-5 - 1) - (-13 - -27)
-8
Evaluate 13 + (-30 + 12 - 2).
-7
What is the value of -30 + (-30 - -104 - 24)?
20
Evaluate ((5 - 10) + 8 - 5) + 20.
18
What is the value of -13 + 8 + 42 - 20?
17
3 - 8 - -8 - (8 + 6)
-11
Calculate -4 - (-9 - (-13 + -10 + 0)).
-18
(-5 - -9) + 32 - ((-18 - -19) + 4)
31
What is the value of (527 - 549) + (45 - 0)?
23
What is the value of 2 - (1 + -3 - 3 - (8 - 10))?
5
Calculate -2 + -54 + (-210 - -233).
-33
What is -175 + 180 + (18 - 31) + (1 - 3)?
-10
Calculate 20 - (12 + -18 + 16).
10
Evaluate (0 - 3) + (0 - 1 - (48 - 52)).
0
Evaluate (-14 - 0) + -6 + 1 + -16 + 21.
-14
What is the value of -16 + -2 + 1 + (100 - (209 - 114))?
-12
Calculate 22 + (-28 - 5) + -2 + -2 + 2.
-13
Evaluate (1 - -7) + -174 + 132 + 16.
-18
1 + (-5 - (3 + -8) - 1)
0
(-20 - (-14 + 8)) + 25 - -16
27
-3 + (69 - 35) + -25
6
Calculate -4 - (16 + (-27 - -4)).
3
Evaluate -6 + 5 + (3 + 0 - (12 - -15)).
-25
What is the value of -20 + 42 + -12 + 29?
39
What is (134 - 122) + (-1 - 13) - (-4 - 1)?
3
Evaluate -26 + 16 + (3 - 0) + (-8 - -6).
-9
1 + -3 - (-4 - 8) - (-1 + 4)
7
What is (-32 - -20) + (15 - -8 - 8)?
3
What is 2 + (0 - -6) + (1 - -2) + -3?
8
Evaluate -10 + -5 + -9 + 9 + -6.
-21
What is 16 + -19 + 20 + -32?
-15
Evaluate (-1 - 6) + (6 + 24 - 12).
11
-2 + 1 + (-8 - -11) + -1 + 4
5
Calculate ((6 - 27) + -1 - (48 + -39)) + 0.
-31
What is -12 - (8 + 2 - 46)?
24
Evaluate (-18 - -27) + -15 + -10.
-16
Evaluate 565 + -567 + (0 - -8) + 15.
21
What is 39 - (36 - 10) - 17?
-4
Evaluate (5 - (11 - -1)) + -4.
-11
Calculate 14 + (1 - 5 - 0) + (-113 - -123).
20
Evaluate -65 - (-57 - -25) - -27.
-6
Calculate (11 - ((6 - 0) + 3)) + -8.
-6
What is the value of -26 + (-3 + 19 - 11) + -1?
-22
What is the value of -17 + -4 + -4 + 7 + 7?
-11
What is the value of -43 + 60 + (10 - (-6 - -9))?
24
What is the value of 2 + 1 - 13 - (-178 - -188)?
-20
What is -12 + 9 + (-1 - 8 - (45 - 46))?
-11
What is (0 - -3) + -30 - (-26 - (-12 - 14))?
-27
Calculate 15 - ((-3 - -3) + 9) - (8 + 3).
-5
Evaluate (-6 - -7 - (8 + 0)) + (-384 - -368).
-23
Calculate 20 + (-32 - (-14 + 11)).
-9
What is (-93 - -92 - (-1 + (-2 - -9))) + 8?
1
Calculate -19 + (-18 - -29) - (-2 + 1) - 7.
-14
What is (-4 + 2 - (47 - 50)) + 9?
10
Evaluate -20 + 35 + (-22 - 2).
-9
Evaluate (-1 - -1) + (-55 - -29 - -43).
17
Calculate -17 - (-2 + (10 - (1 + 3))).
-21